39.
6
What is the remainder when 185 is divided by 31?
30
What is the remainder when 46 is divided by 6?
4
What is the remainder when 231 is divided by 78?
75
What is the remainder when 266 is divided by 84?
14
What is the remainder when 1475 is divided by 189?
152
Calculate the remainder when 37 is divided by 20.
17
What is the remainder when 575 is divided by 141?
11
What is the remainder when 214 is divided by 68?
10
What is the remainder when 282 is divided by 15?
12
What is the remainder when 525 is divided by 11?
8
What is the remainder when 3565 is divided by 170?
165
What is the remainder when 69 is divided by 41?
28
What is the remainder when 3186 is divided by 110?
106
What is the remainder when 836 is divided by 21?
17
Calculate the remainder when 109 is divided by 77.
32
Calculate the remainder when 874 is divided by 24.
10
What is the remainder when 18188 is divided by 24?
20
Calculate the remainder when 402 is divided by 15.
12
What is the remainder when 186 is divided by 10?
6
Calculate the remainder when 521 is divided by 15.
11
Calculate the remainder when 327 is divided by 11.
8
What is the remainder when 341 is divided by 44?
33
What is the remainder when 223 is divided by 78?
67
What is the remainder when 59013 is divided by 29?
27
What is the remainder when 103 is divided by 9?
4
Calculate the remainder when 46 is divided by 9.
1
Calculate the remainder when 2861 is divided by 7.
5
Calculate the remainder when 290 is divided by 103.
84
What is the remainder when 121 is divided by 18?
13
What is the remainder when 138 is divided by 13?
8
What is the remainder when 267 is divided by 261?
6
Calculate the remainder when 9 is divided by 6.
3
Calculate the remainder when 9267 is divided by 6.
3
What is the remainder when 640 is divided by 320?
0
What is the remainder when 1762 is divided by 118?
110
Calculate the remainder when 129 is divided by 19.
15
What is the remainder when 615 is divided by 193?
36
Calculate the remainder when 214 is divided by 45.
34
Calculate the remainder when 166 is divided by 14.
12
What is the remainder when 196 is divided by 23?
12
Calculate the remainder when 887 is divided by 209.
51
Calculate the remainder when 675 is divided by 111.
9
What is the remainder when 1924 is divided by 96?
4
What is the remainder when 88 is divided by 40?
8
What is the remainder when 85 is divided by 40?
5
Calculate the remainder when 171 is divided by 24.
3
What is the remainder when 1500 is divided by 43?
38
What is the remainder when 224 is divided by 11?
4
What is the remainder when 250 is divided by 9?
7
Calculate the remainder when 483 is divided by 9.
6
What is the remainder when 3976 is divided by 50?
26
Calculate the remainder when 65 is divided by 10.
5
What is the remainder when 3797 is divided by 2?
1
Calculate the remainder when 1631 is divided by 48.
47
Calculate the remainder when 310 is divided by 215.
95
What is the remainder when 217 is divided by 47?
29
What is the remainder when 1811 is divided by 602?
5
What is the remainder when 312 is divided by 53?
47
What is the remainder when 390 is divided by 37?
20
Calculate the remainder when 469 is divided by 97.
81
Calculate the remainder when 514 is divided by 56.
10
What is the remainder when 384 is divided by 21?
6
Calculate the remainder when 113 is divided by 25.
13
Calculate the remainder when 222 is divided by 11.
2
What is the remainder when 31 is divided by 10?
1
What is the remainder when 12 is divided by 10?
2
Calculate the remainder when 916 is divided by 23.
19
Calculate the remainder when 152 is divided by 53.
46
Calculate the remainder when 1823 is divided by 57.
56
Calculate the remainder when 486 is divided by 135.
81
What is the remainder when 766 is divided by 8?
6
Calculate the remainder when 31 is divided by 6.
1
Calculate the remainder when 521 is divided by 54.
35
Calculate the remainder when 42555 is divided by 346.
343
Calculate the remainder when 4561 is divided by 43.
3
Calculate the remainder when 940 is divided by 58.
12
Calculate the remainder when 121 is divided by 111.
10
Calculate the remainder when 1083 is divided by 26.
17
Calculate the remainder when 199 is divided by 6.
1
What is the remainder when 594 is divided by 26?
22
Calculate the remainder when 167 is divided by 7.
6
Calculate the remainder when 145 is divided by 3.
1
Calculate the remainder when 261 is divided by 84.
9
What is the remainder when 570 is divided by 82?
78
Calculate the remainder when 2340 is divided by 35.
30
What is the remainder when 59 is divided by 21?
17
Calculate the remainder when 64 is divided by 13.
12
What is the remainder when 167 is divided by 35?
27
What is the remainder when 39 is divided by 29?
10
Calculate the remainder when 317 is divided by 70.
37
What is the remainder when 406 is divided by 35?
21
What is the remainder when 33 is divided by 26?
7
What is the remainder when 773 is divided by 252?
17
Calculate the remainder when 219 is divided by 55.
54
What is the remainder when 627 is divided by 100?
27
Calculate the remainder when 643 is divided by 14.
13
What is the remainder when 477 is divided by 24?
21
What is the remainder when 349 is divided by 11?
8
Calculate the remainder when 1036 is divided by 10.
6
Calculate the remainder when 559 is divided by 141.
136
Calculate the remainder when 282 is divided by 19.
16
What is the remainder when 277 is divided by 40?
37
Calculate the remainder when 75 is divided by 10.
5
What is the remainder when 6547 is divided by 262?
259
Calculate the remainder when 164 is divided by 39.
8
What is the remainder when 33 is divided by 33?
0
Calculate the remainder when 822 is divided by 75.
72
What is the remainder when 65 is divided by 20?
5
Calculate the remainder when 260 is divided by 19.
13
Calculate the remainder when 159 is divided by 18.
15
What is the remainder when 826 is divided by 46?
44
Calculate the remainder when 199 is divided by 98.
3
Calculate the remainder when 180 is divided by 7.
5
What is the remainder when 122 is divided by 25?
22
Calculate the remainder when 192 is divided by 34.
22
What is the remainder when 648 is divided by 7?
4
Calculate the remainder when 1037 is divided by 957.
80
Calculate the remainder when 321 is divided by 18.
15
Calculate the remainder when 100 is divided by 21.
16
What is the remainder when 413 is divided by 38?
33
Calculate the remainder when 79 is divided by 28.
23
What is the remainder when 5057 is divided by 110?
107
Calculate the remainder when 263 is divided by 93.
77
What is the remainder when 402 is divided by 41?
33
Calculate the remainder when 41 is divided by 15.
11
Calculate the remainder when 191 is divided by 68.
55
What is the remainder when 1677 is divided by 58?
53
What is the remainder when 32 is divided by 18?
14
Calculate the remainder when 777 is divided by 30.
27
Calculate the remainder when 1646 is divided by 97.
94
Calculate the remainder when 102 is divided by 15.
12
Calculate the remainder when 171 is divided by 14.
3
What is the remainder when 1268 is divided by 142?
132
What is the remainder when 26218 is divided by 92?
90
Calculate the remainder when 39 is divided by 25.
14
Calculate the remainder when 89 is divided by 33.
23
Calculate the remainder when 7277 is divided by 20.
17
Calculate the remainder when 310 is divided by 29.
20
What is the remainder when 257 is divided by 41?
11
What is the remainder when 86 is divided by 22?
20
Calculate the remainder when 143 is divided by 38.
29
What is the remainder when 75 is divided by 11?
9
Calculate the remainder when 4237 is divided by 1412.
1
Calculate the remainder when 582 is divided by 345.
237
What is the remainder when 149 is divided by 20?
9
Calculate the remainder when 77 is divided by 10.
7
What is the remainder when 300 is divided by 35?
20
What is the remainder when 34 is divided by 18?
16
What is the remainder when 4700 is divided by 147?
143
What is the remainder when 618 is divided by 27?
24
What is the remainder when 13 is divided by 4?
1
Calculate the remainder when 1503 is divided by 293.
38
What is the remainder when 121 is divided by 59?
3
Calculate the remainder when 18 is divided by 12.
6
Calculate the remainder when 1055 is divided by 176